0663 and 39785?
73
What is the greatest common divisor of 293494 and 35973?
571
Calculate the highest common factor of 9948 and 234240582.
4974
What is the highest common divisor of 1235 and 15569645?
1235
What is the greatest common factor of 2771 and 1051676?
163
Calculate the highest common divisor of 286667 and 128641.
653
What is the highest common factor of 7425108 and 24300?
972
What is the highest common factor of 22422271 and 331?
331
Calculate the highest common divisor of 3157 and 41011152.
287
Calculate the highest common factor of 3250 and 2564750.
250
Calculate the greatest common divisor of 920799568 and 1704.
568
What is the highest common factor of 981455 and 6445?
5
Calculate the greatest common factor of 246205 and 80.
5
Calculate the highest common factor of 119417204 and 228.
76
What is the greatest common factor of 938 and 126764?
134
What is the greatest common divisor of 72722101 and 133?
19
Calculate the highest common factor of 73060 and 3966596.
1124
Calculate the highest common factor of 49 and 126495712.
7
What is the highest common factor of 4511 and 3795833?
347
What is the greatest common divisor of 67321683 and 543?
543
What is the greatest common factor of 8255 and 256864231?
1651
What is the highest common divisor of 75675194 and 952?
238
What is the highest common divisor of 374829735 and 966?
483
Calculate the greatest common factor of 15532 and 15037.
11
What is the greatest common divisor of 170245 and 5135?
395
Calculate the greatest common factor of 20 and 306369640.
20
What is the greatest common factor of 19240 and 313960725?
2405
Calculate the greatest common divisor of 4152889 and 637.
13
What is the greatest common factor of 7954212 and 48?
12
What is the greatest common divisor of 352344 and 178?
2
What is the greatest common factor of 112680 and 39308418?
5634
What is the highest common factor of 71865564 and 24?
12
Calculate the greatest common factor of 13152 and 1194912.
96
What is the greatest common divisor of 4225303 and 23?
1
What is the highest common divisor of 29047 and 60084188?
937
What is the highest common divisor of 1014 and 15341313?
507
Calculate the highest common factor of 7974 and 840935382.
2658
What is the highest common divisor of 1185 and 612487?
79
What is the highest common factor of 82474735 and 82882?
1429
Calculate the greatest common divisor of 1353199 and 12730.
1273
Calculate the highest common divisor of 97090 and 4928.
14
What is the highest common divisor of 90475 and 4136?
517
Calculate the greatest common divisor of 133 and 4236212260.
133
Calculate the highest common divisor of 33 and 462687269.
11
What is the highest common divisor of 19 and 179500201?
19
Calculate the highest common divisor of 126357 and 309309.
231
Calculate the greatest common divisor of 9727333 and 16170.
539
What is the greatest common divisor of 5611557 and 11697?
21
Calculate the highest common divisor of 2094400 and 34650.
3850
Calculate the greatest common divisor of 1542 and 107376.
6
Calculate the highest common divisor of 17595 and 127220265.
765
What is the greatest common divisor of 126524 and 15212492?
2692
Calculate the highest common divisor of 3242 and 4394.
2
What is the greatest common factor of 34 and 60253763?
17
Calculate the greatest common factor of 717745753 and 471.
157
What is the highest common divisor of 179832 and 320548?
508
Calculate the greatest common factor of 1218 and 18533784.
174
Calculate the highest common factor of 12 and 136644690.
6
Calculate the greatest common factor of 8444562 and 1470.
294
What is the greatest common factor of 39 and 35637147?
39
What is the greatest common divisor of 3899179 and 10442?
227
Calculate the greatest common factor of 21033 and 106839.
27
Calculate the highest common factor of 9729634 and 10070.
2014
What is the highest common divisor of 735635 and 714760?
835
Calculate the greatest common factor of 51 and 1449540.
3
Calculate the greatest common divisor of 5064471156 and 51.
51
Calculate the greatest common divisor of 361250 and 215305.
1445
What is the highest common factor of 102404 and 388?
4
Calculate the greatest common factor of 1150 and 1220450.
50
What is the highest common divisor of 5110893 and 360?
9
What is the highest common divisor of 101039241 and 61?
61
What is the greatest common factor of 884 and 2217293?
221
Calculate the highest common divisor of 824348336 and 1288.
1288
Calculate the greatest common divisor of 112896 and 53504.
256
What is the highest common divisor of 10441 and 616549?
53
Calculate the greatest common divisor of 112421 and 23729.
389
Calculate the highest common divisor of 5625 and 39772575.
225
What is the greatest common divisor of 178145396 and 897?
299
Calculate the greatest common divisor of 81293706 and 729.
729
Calculate the greatest common factor of 13395 and 8489751.
2679
Calculate the greatest common divisor of 6347303 and 94.
47
What is the greatest common factor of 63 and 19901610?
9
Calculate the highest common divisor of 51858540 and 1464.
732
Calculate the highest common divisor of 133 and 9887543.
19
What is the greatest common factor of 754341 and 11200?
7
Calculate the highest common divisor of 61992 and 4632.
24
Calculate the highest common factor of 1215 and 12463680.
15
Calculate the greatest common factor of 6836 and 1892.
4
What is the greatest common divisor of 51528 and 300354?
678
What is the highest common factor of 332769897 and 999?
999
Calculate the highest common factor of 204 and 14857788.
12
What is the greatest common divisor of 3652 and 486467399?
913
What is the highest common divisor of 3041780 and 2485?
35
Calculate the greatest common divisor of 27057231 and 73.
73
Calculate the greatest common factor of 102191148 and 12.
12
What is the greatest common divisor of 48 and 354916824?
24
What is the greatest common divisor of 137080246 and 6?
2
What is the highest common factor of 17266630 and 20?
10
What is the highest common divisor of 268681002 and 5622?
5622
What is the greatest common divisor of 8215 and 28182379?
1643
Calculate the highest common divisor of 48234656 and 8816.
464
Calculate the greatest common divisor of 296 and 8587996.
148
Calculate the greatest common factor of 39655075 and 3525.
1175
What is the greatest common factor of 19895968 and 1120?
32
What is the highest common divisor of 15708 and 68082?
42
What is the greatest common divisor of 2574 and 7574138?
286
What is the highest common divisor of 4611 and 8636838?
87
What is the greatest common divisor of 698 and 19628109?
349
What is the highest common divisor of 260517 and 40014003?
7041
What is the highest common factor of 39950860 and 20?
20
Calculate the highest common factor of 10765895 and 1027110.
2345
What is the greatest common factor of 52865013 and 93?
93
What is the greatest common divisor of 53244972 and 108?
108
What is the highest common divisor of 135123150 and 300?
150
Calculate the highest common factor of 44209341 and 2178.
99
Calculate the greatest common factor of 211045591 and 43.
43
What is the greatest common factor of 8732 and 6318841?
59
Calculate the greatest common factor of 1349 and 1712204.
19
Calculate the highest common divisor of 28606896 and 384.
48
Calculate the greatest common divisor of 1221675215 and 3106.
1553
Calculate the highest common divisor of 1191504 and 77456.
1648
Calculate the highest common factor of 5971 and 29651133.
853
What is the highest common divisor of 11431963 and 62?
31
What is the greatest common divisor of 5780 and 333637784?
1156
Calculate the greatest common divisor of 12540 and 346305.
15
Calculate the highest common divisor of 35968 and 5020908.
1124
What is the greatest common factor of 2000318 and 2?
2
Calculate the highest common factor of 1756003 and 6097.
67
What is the highest common factor of 480 and 4956?
12
What is the highest common factor of 120873 and 19221?
129
Calculate the greatest common factor of 1300 and 1314872.
52
Calculate the highest common divisor of 1413 and 8262596.
157
What is the highest common factor of 3564 and 13990559?
11
What is the highest common factor of 19558 and 64863218?
1778
Calculate the highest common divisor of 678 and 18880266.
678
Calculate the greatest